*3 + u**2 + 4*u + 22. Let y(q) = -q - 6. Let h(t) = -2*l(t) - 7*y(t). Determine h(v).
20
Let l(b) be the second derivative of b**4/6 - 5*b**3/6 - b**2 + 2*b. Let n be (-16)/24 - 56/(-12). Suppose n*q - k - 45 = -6*k, -3*k + 5 = -2*q. Give l(q).
23
Let q(v) be the first derivative of -v**2/2 - 9*v + 2883. Let k = 11 - 17. Give q(k).
-3
Let w be (-10 - (-9)/((-27)/(-42))) + 0 + -7. Let l(v) = 2*v - 3. Suppose 2*i + 2*i - 12 = 0. Let b(q) = -2*q + 3. Let x(y) = i*b(y) + 2*l(y). What is x(w)?
9
Suppose 3*n = 3, -4*j - n + 211 = j. Suppose -5*p = 2*l - 0*l - 236, 0 = 3*l - 9. Let r = j - p. Let g(h) = -h**2 + 3*h. What is g(r)?
-28
Let q(w) = -10*w - 3. Let h(r) = r**3 - 7*r**2 + 10*r + 4. Let x be h(5). Suppose 0 = -f - 4, -f = x*v + 2 - 10. Calculate q(v).
-33
Let a(s) be the first derivative of 3*s**3 - 9*s + 7/2*s**2 + 1/4*s**4 - 132. Give a(-8).
-1
Let r(h) = -13*h**2 + 7*h + 217. Let g(i) = 29*i**2 - 18*i - 432. Let v(q) = 4*g(q) + 9*r(q). Calculate v(11).
5
Let c(y) = 2*y**2 - 22*y + 62. Let j be c(6). Let x(b) = 4 - 6*b**2 - 2*b + 9*b**j + 64*b**3 - 7*b**2 - 63*b**3. Determine x(4).
-4
Let h(m) = 2*m**2 - 3*m + 3. Let a = 547 + -549. Let x be 27/36*-2 - (-5)/a. Calculate h(x).
47
Let f(r) = 8*r - 3*r**3 - 4*r**2 - 5*r + 2*r**3 - 6. Suppose 0 = -14*y - 388 - 130. Let q be ((-1)/(-2))/(y/370). Calculate f(q).
4
Let a(p) be the first derivative of p**3/6 - 3*p**2/2 + 46*p - 44. Let v(y) be the first derivative of a(y). Determine v(10).
7
Let g(d) = -d - 56. Let m(l) = -9*l + 55. Let y(k) = 2*g(k) - m(k). What is y(25)?
8
Let v(r) be the second derivative of -5*r**3/6 + 75*r**2/2 + 17*r + 243. What is v(19)?
-20
Let t be ((-95)/57 - (82/(-6) - -5)) + -9. Let f(r) = 68*r + 133. Determine f(t).
-3
Let d(g) = -2*g**2 + 68*g - 6. Let c be d(34). Let a(s) = -13*s**2 - 10*s - 10. Let t(h) = 11*h**2 + 10*h + 7. Let x(j) = c*t(j) - 5*a(j). Determine x(-8).
24
Let l(w) be the first derivative of w**3 + w**2 + 3*w - 161. Suppose -4*n + 8 - 2 = 2*d, -2*n - 4*d + 12 = 0. Suppose 5*t - 10*t - 10 = n. What is l(t)?
11
Suppose -4*z + 0 = -28. Suppose 2*t = z + 11. Suppose 2*s + f + t = 0, 4*s = s - 2*f - 11. Let r(n) = n + 1. What is r(s)?
-6
Let i(p) = -5*p**2 - 5*p. Let g(a) = -2. Let k(d) = 3*g(d) + i(d). Let x(b) = 6*b**2 + 6*b + 6. Let c(u) = -5*k(u) - 4*x(u). Let z = -1 + 1. Determine c(z).
6
Let h(u) = -2*u**2 + 17*u + 19. Let b be (3/33 - 107/(-33))*3. What is h(b)?
-11
Let y(b) be the third derivative of b**6/120 + b**5/60 + b**4/24 - b**3/6 - 120*b**2 + 7. What is y(-5)?
-106
Let g be (2 - 7)/10 - (-73)/(-2). Let a(q) = -41*q**2 + 1. Let v be a(-1). Let n = v - g. Let l(p) = -p**3 - p**2 + 3*p + 2. What is l(n)?
11
Let p be 23 + (7/(-2))/((-151)/(-302)). Let c(z) = -z + 29. Give c(p).
13
Let r(k) be the second derivative of -k**5/20 - 3*k**4/4 + k**3 + 9*k**2/2 + 119*k + 9. Determine r(-8).
-103
Let v(m) = -2*m**3 + 15*m**2 + 8*m + 12. Let q(w) = 3*w**2 - 2*w - 57. Let u be q(5). Calculate v(u).
12
Let w = 5254 - 5248. Let j(z) be the first derivative of -z**4/4 + 8*z**3/3 - 3*z**2 - 5*z + 26. What is j(w)?
31
Suppose -2*m + 24 = 12. Let x(o) = 11*o**3 + 11*o**2 - 9*o - 9. Let k(q) = 19*q**3 + 21*q**2 - 17*q - 16. Let z(s) = -4*k(s) + 7*x(s). What is z(m)?
-5
Let f(s) = 5*s**2 + s + 1639 - 2*s - 1626. Let g(o) = 6*o**2 - 3*o + 14. Let u(j) = 5*f(j) - 4*g(j). Determine u(-8).
17
Suppose -2*w = w - 15. Let q be (-18)/(-4)*(134/(-268) + 14/12). Let u(a) = w*a**2 - 4*a**2 - 29*a + 29*a + 6*a**q. Calculate u(-1).
-5
Let s(z) = 5*z**2 - 20 + 0*z**2 - 9*z + 17*z + 7*z**3 - 8*z**3 + 3*z**2. Determine s(9).
-29
Let b be (-13)/(130/20)*(-37)/2. Let c(v) = -v**2 - 5*v - 59 + b + 30. Give c(-9).
-28
Let w(n) = -2*n + 2. Suppose 0 = -5*s - 20, -21 - 24 = -5*i - 5*s. Let h(c) = -12 - 7 - i - 2*c + 34. Let x(m) = 5*h(m) - 6*w(m). What is x(5)?
8
Let q(g) = -g**3 + 6*g**2 + 7*g - 5. Let m = 161 + -151. Suppose 4*j + d - 21 = m, 0 = 4*j - 5*d - 13. Calculate q(j).
-5
Let b(m) = 7*m + 4*m - 12*m + 13 - 12. Let s be (4/(-10))/(2/(-10)). Let d(x) = -7*x + 1. Let v(n) = s*b(n) - d(n). Calculate v(1).
6
Let j(l) be the third derivative of 7*l**4/24 - 14*l**3/3 + 2*l**2 + 46*l + 4. Give j(7).
21
Let w = -157 + 161. Suppose 0 = 5*z + 5*h - 35, -2*z = -6*z + w*h - 4. Let c(t) = -2*t + 7. Give c(z).
1
Let s = -7 + 5. Let d(r) be the second derivative of 2*r**3/3 + 3*r**2/2 - 1049*r + 1. What is d(s)?
-5
Let b(x) = 2*x**3 - 4521815*x**2 - 76 + 4521838*x**2 - 4*x**3 - 4*x. Determine b(11).
1
Let x be (-38)/(-1*(-4)/8). Let i = -30 - x. Let a = -50 + i. Let b(u) = u**3 + 3*u**2 - 3*u. Determine b(a).
-4
Let z(s) = 42 - 77 + 34 + 3*s. Let o(x) = -3*x + 3. Let t(j) = -4*o(j) - 5*z(j). Let m be (-48)/9 + 4/12. Calculate t(m).
8
Suppose 8 = -6*u + 8*u. Suppose 3*c + u*t - 11 = 0, -c - 3*t = 3*c - 17. Let k(f) = -89*f**2 + 48*f**2 + 42*f**2 - 7*f + c. Determine k(5).
-5
Let m(d) = 6*d - 97. Let x(g) = -2*g**2 - 47*g + 333. Let j be x(-29). Calculate m(j).
-13
Let d(n) = -n**2 - 7*n + 1. Suppose 0 = -2*y - 5*a + 17, a - 15 = 2*y - 2. Let l be (y/6)/((-2)/(-27)). What is d(l)?
-17
Let i(j) = 2*j**2 - 64*j + 781. Let d(t) = t**2 - 30*t + 389. Let q(l) = 5*d(l) - 3*i(l). Calculate q(28).
-6
Let m(y) = 2*y**2 - 2*y - 15. Let o = 12776 - 12771. Give m(o).
25
Suppose 12 = 5*u + 2. Let k(v) = 1204*v + 2. Let s(o) = -1808*o - 1. Let c(q) = -3*k(q) - 2*s(q). Determine c(u).
4
Suppose l - 15 = -10. Suppose 3*u + 18 = -4*d, -d + 23 = -l*u - 7. Let x be (228/(-19))/((-3)/(u/(-4))). Let r(h) = h**2 - 5*h + 9. Determine r(x).
15
Let r(w) = -2*w**2 + 2*w - 1. Let j be 1/((-3)/12) + -2. Let t(b) = -2*b**3 - 2*b**2 + b - 2. Let m be t(-2). Let a = m + j. Give r(a).
-13
Let v(b) = b - 12. Let p be v(6). Let l(a) = -a - 4201 + 2093 + 2100. Give l(p).
-2
Let w be (-1 + 4)*(30/48 - 133/456). Let i(j) = 1 - 2 + 5*j + 5*j. Determine i(w).
9
Let q(b) = 2 + 171*b**2 + b - 103*b**2 - 72*b**2. What is q(-1)?
-3
Let u(r) = 5*r**2 + 45*r - 24. Let x(p) = 2*p**2 + 17*p - 12. Let z(g) = -3*u(g) + 7*x(g). Give z(-17).
-29
Let u be ((-9)/(-6) - 0)/((-33)/(-44)). Let f(d) = 1 + 4*d - 5 + 0*d + d - d**3 + u*d**2. Determine f(4).
-16
Let u(q) = -10*q - 232. Let l(s) = -5*s - 134. Let y(h) = -5*l(h) + 3*u(h). Determine y(-15).
49
Suppose 6*v - 12 = -6. Let s be (11 - 9)*v/2*4. Let p(j) = j**2 - 3*j - 3. Give p(s).
1
Let f(x) = -4*x - 5. Let y be (72/20)/3 - 318/265. Give f(y).
-5
Suppose -26*p + 618 = -20*p. Let g(w) = p - 10*w**2 - 44 - 53 + 7*w + w**3. Calculate g(9).
-12
Let s(p) = 18*p + 4. Let a(i) = 9*i + 2. Let q(j) = -9*a(j) + 4*s(j). Let f = -2448 - -2450. What is q(f)?
-20
Let g = -98 - -104. Let u be 0 - (3 - g) - -2. Let v(o) be the second derivative of o**3/2 - 7*o**2/2 - 30*o. Give v(u).
8
Let j(h) be the second derivative of h**5/20 + h**4/6 - 2*h**3/3 - 3*h**2/2 + h. Let b be (-30)/55 + 774/(-33). Let l be -2*((-9)/10)/(b/40). Determine j(l).
0
Let y(i) = 93 + 29*i**2 + 19*i**3 - 18*i**3 - 75*i + 106*i. Calculate y(-28).
9
Let z(c) be the second derivative of -3/2*c**2 + 0*c**4 + 92*c + 0 + 1/20*c**5 + 0*c**3. Calculate z(3).
24
Let d(n) = -38*n**3 - 19*n**2 - 87*n + 1. Let p(c) = -3*c**3 - 2*c**2 - 7*c. Let y(k) = d(k) - 12*p(k). Give y(3).
-17
Let n(t) = -8*t + 13. Let j be 10794/6168 - (6/8 - 1). Determine n(j).
-3
Let o(n) be the third derivative of n**5/120 + n**4/4 - 37*n**3/6 - 33*n**2. Let a(p) be the first derivative of o(p). Determine a(3).
9
Let l = -47 + 103. Let u be (-4)/(-7) - 32/l. Let k(f) = -7 + f + 4*f**3 + 14*f**2 - 15*f**2 - 5*f**3. Calculate k(u).
-7
Suppose -41*c - 40 = 4*d - 37*c, -2*c - 47 = 5*d. Let p(o) = 2*o**2 + 20*o + 18. Determine p(d).
0
Let h = -26 - -26. Let p(a) = 27*a + 29*a - 54*a. Determine p(h).
0
Let f(b) = -b**3 + 21*b**2 - 18*b - 38. Let w be f(20). Let l(m) = 4*m**2 + 3 - 3*m**2 + 5 - 6 - 5*m. Calculate l(w).
-4
Suppose -114 = 4*l + 2*o, -4*o = 8*l - 9*l - 51. Let y = l + 21. Let q(j) = -j**2 - 10*j. Calculate q(y).
0
Let f = 434 + -426. Let d(u) = -u**2 + 0*u - u + 10*u + 15 - 17 + 9. Give d(f).
15
Let h(y) be the first derivative of -19 + 4/3*y**3 - 1/4*y**4 + 4*y - y**2. Determine h(4).
-4
Let f = 68250 - 68244. Let s(l) = 7 - 2*l + l + 0*l. What is s(f)?
1
Let f(c) be the third derivative of c**6/120 + 23*c**5/60 + 7*c**4/4 - 13*c**3/6 - 6*c**2 + 12*c -